{"id":145,"date":"2016-12-08T14:12:36","date_gmt":"2016-12-08T17:12:36","guid":{"rendered":"http:\/\/www.cpa.univasf.edu.br\/?page_id=145"},"modified":"2026-03-27T18:20:10","modified_gmt":"2026-03-27T21:20:10","slug":"relatorios-anuais","status":"publish","type":"page","link":"https:\/\/cpa.univasf.edu.br\/?page_id=145","title":{"rendered":"Relat\u00f3rios Anuais"},"content":{"rendered":"<p>Confira abaixo os relat\u00f3rios anuais da CPA &#8211; UNIVASF:<\/p>\n<ul>\n<li><a href=\"https:\/\/cpa.univasf.edu.br\/relatorios\/Relatorio_CPA2011-Sem_Anexos.pdf\">Relat\u00f3rio da Comiss\u00e3o Pr\u00f3pria de Avalia\u00e7\u00e3o &#8211; CPA\/Univasf 2011<\/a><\/li>\n<li><a href=\"https:\/\/cpa.univasf.edu.br\/relatorios\/RelatorioAnualCPA2012Univasf.pdf\">Relat\u00f3rio da Comiss\u00e3o Pr\u00f3pria de Avalia\u00e7\u00e3o &#8211; CPA\/Univasf 2012<\/a><\/li>\n<li><a href=\"https:\/\/cpa.univasf.edu.br\/relatorios\/RelatorioAnualCPA2013Completo.pdf\">Relat\u00f3rio da Comiss\u00e3o Pr\u00f3pria de Avalia\u00e7\u00e3o &#8211; CPA\/Univasf 2013<\/a><\/li>\n<li><a href=\"https:\/\/cpa.univasf.edu.br\/relatorios\/RelatorioAnualCPA_Completo_2014.pdf\">Relat\u00f3rio da Comiss\u00e3o Pr\u00f3pria de Avalia\u00e7\u00e3o &#8211; CPA\/Univasf 2014<\/a><\/li>\n<li><a href=\"https:\/\/cpa.univasf.edu.br\/relatorios\/RelatorioAnual2015.pdf\">Relat\u00f3rio da Comiss\u00e3o Pr\u00f3pria de Avalia\u00e7\u00e3o &#8211; CPA\/Univasf 2015<\/a><\/li>\n<li><a href=\"https:\/\/cpa.univasf.edu.br\/relatorios\/RelatorioAnual2016CPA.pdf\">Relat\u00f3rio da Comiss\u00e3o Pr\u00f3pria de Avalia\u00e7\u00e3o &#8211; CPA\/Univasf 2016<\/a><\/li>\n<li><a href=\"https:\/\/cpa.univasf.edu.br\/wp-content\/uploads\/2018\/10\/Relat\u00f3rio-2018-Vers\u00e3o-FINAL.pdf\">Relat\u00f3rio da Comiss\u00e3o Pr\u00f3pria de Avalia\u00e7\u00e3o &#8211; CPA\/Univasf 2017<\/a><\/li>\n<li><a href=\"https:\/\/cpa.univasf.edu.br\/relatorios\/relatorio_2019_final.pdf\">Relat\u00f3rio da Comiss\u00e3o Pr\u00f3pria de Avalia\u00e7\u00e3o &#8211; CPA\/Univasf 2018<\/a><\/li>\n<li><a href=\"https:\/\/cpa.univasf.edu.br\/wp-content\/uploads\/2020\/03\/Relat\u00f3rio-2019-.pdf\">Relat\u00f3rio da Comiss\u00e3o Pr\u00f3pria de Avalia\u00e7\u00e3o &#8211; CPA\/Univasf 2019<\/a><\/li>\n<li><a href=\"https:\/\/cpa.univasf.edu.br\/wp-content\/uploads\/2022\/03\/Relat\u00f3rio-Anual-2020.pdf\">Relat\u00f3rio da Comiss\u00e3o Pr\u00f3pria de Avalia\u00e7\u00e3o &#8211; CPA\/Univasf 2020<\/a><\/li>\n<li><a href=\"https:\/\/cpa.univasf.edu.br\/wp-content\/uploads\/2022\/03\/Relat\u00f3rio-Anual-2021.pdf\">Relat\u00f3rio da Comiss\u00e3o Pr\u00f3pria de Avalia\u00e7\u00e3o &#8211; CPA\/Univasf 2021<\/a><\/li>\n<li><a href=\"https:\/\/cpa.univasf.edu.br\/wp-content\/uploads\/2023\/04\/Relat\u00f3rio-Anual-2022-PARA-PEI.pdf\">Relat\u00f3rio da Comiss\u00e3o Pr\u00f3pria de Avalia\u00e7\u00e3o &#8211; CPA\/Univasf 2022<\/a><\/li>\n<li><a href=\"https:\/\/cpa.univasf.edu.br\/wp-content\/uploads\/2023\/10\/Avaliacao_anual_2023-1024x796.png\">Relat\u00f3rio da Comiss\u00e3o Pr\u00f3pria de Avalia\u00e7\u00e3o &#8211; CPA\/Univasf 2023<\/a><\/li>\n<li><a href=\"https:\/\/cpa.univasf.edu.br\/wp-content\/uploads\/2025\/04\/Relat\u00f3rio-Anual-2024.pdf\">Relat\u00f3rio da Comiss\u00e3o Pr\u00f3pria de Avalia\u00e7\u00e3o &#8211; CPA\/Univasf 2024<\/a><\/li>\n<li><a href=\"https:\/\/cpa.univasf.edu.br\/wp-content\/uploads\/2026\/03\/Relatorio_CPA_2025.pdf\">Relat\u00f3rio da Comiss\u00e3o Pr\u00f3pria de Avalia\u00e7\u00e3o &#8211; CPA\/UNIVASF 2025<\/a><\/li>\n<\/ul>\n<p><strong>Veja tamb\u00e9m todos os relat\u00f3rios feitos pelas CPACs da Univasf de autoavalia\u00e7\u00e3o dos cursos: <a href=\"https:\/\/cpa.univasf.edu.br\/?page_id=438\">Relat\u00f3rios das CPACs<\/a>.<\/strong><\/p>\n\n\n<p><\/p>\n","protected":false},"excerpt":{"rendered":"<p>Confira abaixo os relat\u00f3rios anuais da CPA &#8211; UNIVASF: Relat\u00f3rio da Comiss\u00e3o Pr\u00f3pria de Avalia\u00e7\u00e3o &#8211; CPA\/Univasf 2011 Relat\u00f3rio da Comiss\u00e3o Pr\u00f3pria de Avalia\u00e7\u00e3o &#8211; CPA\/Univasf 2012 Relat\u00f3rio da Comiss\u00e3o Pr\u00f3pria de Avalia\u00e7\u00e3o &#8211; CPA\/Univasf 2013 Relat\u00f3rio da Comiss\u00e3o Pr\u00f3pria de Avalia\u00e7\u00e3o &#8211; CPA\/Univasf 2014 Relat\u00f3rio da Comiss\u00e3o Pr\u00f3pria de Avalia\u00e7\u00e3o &#8211; CPA\/Univasf 2015 Relat\u00f3rio\u2026 <span class=\"read-more\"><a href=\"https:\/\/cpa.univasf.edu.br\/?page_id=145\">Read More &raquo;<\/a><\/span><\/p>\n","protected":false},"author":1,"featured_media":0,"parent":0,"menu_order":0,"comment_status":"closed","ping_status":"closed","template":"","meta":{"_exactmetrics_skip_tracking":false,"_exactmetrics_sitenote_active":false,"_exactmetrics_sitenote_note":"","_exactmetrics_sitenote_category":0,"footnotes":""},"class_list":["post-145","page","type-page","status-publish","hentry"],"_links":{"self":[{"href":"https:\/\/cpa.univasf.edu.br\/index.php?rest_route=\/wp\/v2\/pages\/145","targetHints":{"allow":["GET"]}}],"collection":[{"href":"https:\/\/cpa.univasf.edu.br\/index.php?rest_route=\/wp\/v2\/pages"}],"about":[{"href":"https:\/\/cpa.univasf.edu.br\/index.php?rest_route=\/wp\/v2\/types\/page"}],"author":[{"embeddable":true,"href":"https:\/\/cpa.univasf.edu.br\/index.php?rest_route=\/wp\/v2\/users\/1"}],"replies":[{"embeddable":true,"href":"https:\/\/cpa.univasf.edu.br\/index.php?rest_route=%2Fwp%2Fv2%2Fcomments&post=145"}],"version-history":[{"count":17,"href":"https:\/\/cpa.univasf.edu.br\/index.php?rest_route=\/wp\/v2\/pages\/145\/revisions"}],"predecessor-version":[{"id":1573,"href":"https:\/\/cpa.univasf.edu.br\/index.php?rest_route=\/wp\/v2\/pages\/145\/revisions\/1573"}],"wp:attachment":[{"href":"https:\/\/cpa.univasf.edu.br\/index.php?rest_route=%2Fwp%2Fv2%2Fmedia&parent=145"}],"curies":[{"name":"wp","href":"https:\/\/api.w.org\/{rel}","templated":true}]}}