{"id":1543,"date":"2025-09-29T15:06:27","date_gmt":"2025-09-29T18:06:27","guid":{"rendered":"https:\/\/cpa.univasf.edu.br\/?page_id=1543"},"modified":"2025-09-29T15:08:53","modified_gmt":"2025-09-29T18:08:53","slug":"resultados-2","status":"publish","type":"page","link":"https:\/\/cpa.univasf.edu.br\/?page_id=1543","title":{"rendered":"Avalia\u00e7\u00e3o Semestral"},"content":{"rendered":"\n<h2 class=\"wp-block-heading\"><strong>Declara\u00e7\u00e3o de Aus\u00eancia de Resultados:<\/strong><\/h2>\n\n\n\n<p>A Comiss\u00e3o Pr\u00f3pria de Avalia\u00e7\u00e3o (CPA) da UNIVASF informa que est\u00e1 em andamento a reestrutura\u00e7\u00e3o do sistema de avalia\u00e7\u00f5es semestrais realizadas pelos discentes e pares em rela\u00e7\u00e3o ao corpo docente.<\/p>\n\n\n\n<p>Desde 2022, as avalia\u00e7\u00f5es semestrais foram interrompidas devido \u00e0 aus\u00eancia de uma plataforma adequada para coleta, tratamento e emiss\u00e3o de relat\u00f3rios. Reconhecendo a import\u00e2ncia desses documentos para a progress\u00e3o funcional e a autoavalia\u00e7\u00e3o, a CPA assumiu como prioridade a cria\u00e7\u00e3o de um novo sistema.<\/p>\n\n\n\n<p>A previs\u00e3o \u00e9 que a nova plataforma esteja dispon\u00edvel em <strong>julho de 2026<\/strong>.<\/p>\n\n\n\n<p>Enquanto aguardamos a conclus\u00e3o do desenvolvimento, a CPA disponibiliza abaixo a <strong>Declara\u00e7\u00e3o Formal de Aus\u00eancia de Resultados de Avalia\u00e7\u00e3o Discente<\/strong>, que pode ser utilizada como substitui\u00e7\u00e3o tempor\u00e1ria para fins de instru\u00e7\u00e3o de processos junto \u00e0 CPPD.<\/p>\n\n\n\n<p>Agradecemos a compreens\u00e3o e o apoio de todos.<\/p>\n\n\n\n<hr class=\"wp-block-separator has-alpha-channel-opacity\"\/>\n\n\n\n<p><strong>Declara\u00e7\u00e3o Formal de Aus\u00eancia de Resultados de Avalia\u00e7\u00e3o Discente:<\/strong><\/p>\n\n\n\n[Link para o download da declara\u00e7\u00e3o]\n","protected":false},"excerpt":{"rendered":"<p>Declara\u00e7\u00e3o de Aus\u00eancia de Resultados: A Comiss\u00e3o Pr\u00f3pria de Avalia\u00e7\u00e3o (CPA) da UNIVASF informa que est\u00e1 em andamento a reestrutura\u00e7\u00e3o do sistema de avalia\u00e7\u00f5es semestrais realizadas pelos discentes e pares em rela\u00e7\u00e3o ao corpo docente. Desde 2022, as avalia\u00e7\u00f5es semestrais foram interrompidas devido \u00e0 aus\u00eancia de uma plataforma adequada para coleta, tratamento e emiss\u00e3o de\u2026 <span class=\"read-more\"><a href=\"https:\/\/cpa.univasf.edu.br\/?page_id=1543\">Read More &raquo;<\/a><\/span><\/p>\n","protected":false},"author":1,"featured_media":0,"parent":0,"menu_order":0,"comment_status":"closed","ping_status":"closed","template":"","meta":{"_exactmetrics_skip_tracking":false,"_exactmetrics_sitenote_active":false,"_exactmetrics_sitenote_note":"","_exactmetrics_sitenote_category":0,"footnotes":""},"class_list":["post-1543","page","type-page","status-publish","hentry"],"_links":{"self":[{"href":"https:\/\/cpa.univasf.edu.br\/index.php?rest_route=\/wp\/v2\/pages\/1543","targetHints":{"allow":["GET"]}}],"collection":[{"href":"https:\/\/cpa.univasf.edu.br\/index.php?rest_route=\/wp\/v2\/pages"}],"about":[{"href":"https:\/\/cpa.univasf.edu.br\/index.php?rest_route=\/wp\/v2\/types\/page"}],"author":[{"embeddable":true,"href":"https:\/\/cpa.univasf.edu.br\/index.php?rest_route=\/wp\/v2\/users\/1"}],"replies":[{"embeddable":true,"href":"https:\/\/cpa.univasf.edu.br\/index.php?rest_route=%2Fwp%2Fv2%2Fcomments&post=1543"}],"version-history":[{"count":3,"href":"https:\/\/cpa.univasf.edu.br\/index.php?rest_route=\/wp\/v2\/pages\/1543\/revisions"}],"predecessor-version":[{"id":1548,"href":"https:\/\/cpa.univasf.edu.br\/index.php?rest_route=\/wp\/v2\/pages\/1543\/revisions\/1548"}],"wp:attachment":[{"href":"https:\/\/cpa.univasf.edu.br\/index.php?rest_route=%2Fwp%2Fv2%2Fmedia&parent=1543"}],"curies":[{"name":"wp","href":"https:\/\/api.w.org\/{rel}","templated":true}]}}

Avaliação Semestral

<h2 class="wp-block-heading"><strong>Declaração de Ausência de Resultados:</strong></h2>



<p>A Comissão Própria de Avaliação (CPA) da UNIVASF informa que está em andamento a reestruturação do sistema de avaliações semestrais realizadas pelos discentes e pares em relação ao corpo docente.</p>



<p>Desde 2022, as avaliações semestrais foram interrompidas devido à ausência de uma plataforma adequada para coleta, tratamento e emissão de relatórios. Reconhecendo a importância desses documentos para a progressão funcional e a autoavaliação, a CPA assumiu como prioridade a criação de um novo sistema.</p>



<p>A previsão é que a nova plataforma esteja disponível em <strong>julho de 2026</strong>.</p>



<p>Enquanto aguardamos a conclusão do desenvolvimento, a CPA disponibiliza abaixo a <strong>Declaração Formal de Ausência de Resultados de Avaliação Discente</strong>, que pode ser utilizada como substituição temporária para fins de instrução de processos junto à CPPD.</p>



<p>Agradecemos a compreensão e o apoio de todos.</p>



<hr class="wp-block-separator has-alpha-channel-opacity"/>



<p><strong>Declaração Formal de Ausência de Resultados de Avaliação Discente:</strong></p>



[Link para o download da declaração]

<p>Declaração de Ausência de Resultados: A Comissão Própria de Avaliação (CPA) da UNIVASF informa que está em andamento a reestruturação do sistema de avaliações semestrais realizadas pelos discentes e pares em relação ao corpo docente. Desde 2022, as avaliações semestrais foram interrompidas devido à ausência de uma plataforma adequada para coleta, tratamento e emissão de… <span class="read-more"><a href="https://cpa.univasf.edu.br/?page_id=1543">Read More &raquo;</a></span></p>
